5. Is m a prime number?
True
Let o(c) = 44*c**2 - 31*c + 63. Let r be (13/((-130)/24))/((-6)/40). Is o(r) composite?
False
Let l be (-4 + 1)/3 + 4487 + 2. Suppose 11490 + l = 5*z - k, -2*z - k = -6387. Suppose -5*p - 2*j = 3*j - z, 2*p + 4*j - 1274 = 0. Is p composite?
False
Suppose 2*b = -3*b - h + 361502, -216918 = -3*b + 5*h. Is b prime?
False
Let r(l) = -2192*l - 351. Is r(-14) a prime number?
False
Let r(j) = -52*j + 180. Let p be r(-18). Let a be -3 + 1 + 1 + -648. Let n = a + p. Is n composite?
False
Let b = -280 + 276. Is (-1)/(b/20) + 2648 a prime number?
False
Suppose 0 = 22*l + 22*l + 44. Is (l + 4 + -2 + -4202)*-1 a prime number?
True
Suppose 2*b + 7 = -3*f, -4*b - 3*f + 3 - 2 = 0. Let l(g) = 74*g**3 + 4*g**2 + g + 13. Is l(b) a composite number?
False
Let h = 49325 + -12234. Is h a composite number?
True
Suppose -126*s = -131*s - 11140. Let n = s + 16225. Is n a prime number?
True
Let u(k) be the third derivative of 47*k**7/1260 + k**6/144 + 7*k**5/60 - 16*k**2. Let i(y) be the third derivative of u(y). Is i(2) prime?
False
Suppose 0 = 4*y - 3*z - 877789, 0 = 1619*y - 1614*y - 2*z - 1097231. Is y prime?
False
Let h = -726 - -728. Suppose -h*s - 22*g + 11691 = -17*g, -4*s + g = -23327. Is s composite?
True
Let s be 4*(-6 + -2 + 6). Let w(y) = -421*y + 21. Is w(s) a composite number?
False
Suppose 4*j = -5*y + 303, 0 = -5*y + 9 + 6. Is j/54 + (-1883)/(-3) a composite number?
True
Let p = 17080 + -869. Suppose 3*w = 5*j - p, 2*w = -j + 3686 - 449. Is j a composite number?
True
Suppose 1352*l = 1351*l - x + 145760, 437245 = 3*l - 2*x. Is l composite?
False
Suppose 4*h = 23 - 35. Let x(i) be the second derivative of -3*i**5/5 - i**4/3 - i**3/2 + i**2/2 - 3*i. Is x(h) composite?
True
Let u(k) = -289*k + 4. Let w(j) = -3*j**2 + 14*j - 10. Let h be w(5). Is u(h) prime?
True
Let o = 1752 - 821. Let w = o - 296. Is w composite?
True
Suppose -214 - 71 = -t + 2*l, 0 = -3*t - 2*l + 847. Let q = t + 1968. Is q composite?
False
Suppose 7146 = 10*q - 13*q + 3*m, -8 = 4*m. Let h = 4315 + q. Is h composite?
False
Suppose 173490 = 5*f + 5*i, -2*i + 138800 = 40*f - 36*f. Is f a composite number?
True
Is (-1 - 295300/(-6))/((-962)/(-2886)) a composite number?
False
Let w be 5 + (-70)/14 + (-2 - 1499). Let y = 3618 + w. Is y a composite number?
True
Suppose 31*y = 27*y + 20. Suppose -974 = -y*a + 891. Is a a prime number?
True
Let b(f) = 24*f**2 - 5 + 102*f - 99*f + 94*f**2 - 3. Is b(-5) composite?
False
Is (-160)/56 - 10464372/(-84) a composite number?
True
Let w(x) = -10*x**2 - 19*x + 17. Let b be w(22). Let j = b + 8340. Is j a composite number?
True
Let d = -59 - -20. Let t = d - -40. Is t + (1 - -1005) - -4 a composite number?
True
Let q(n) = 383*n - 27. Let s(z) = -3*z + 2. Let o be s(-1). Suppose 9*g - 25 = 4*g + 3*j, -o*j = g - 33. Is q(g) a prime number?
True
Let z be (77/11)/((-2)/(-4)). Let a be (3 - (-997)/(-1))*z/(-4). Suppose -4*k + a = 5*g, 1 = -3*g - 2. Is k composite?
True
Suppose -24*g = -33*g + 27. Suppose -g*t - 30832 = -19*t. Is t composite?
True
Let x = 10784 + -6360. Let h = 7351 - x. Is h a composite number?
False
Suppose 5*v = 2*p + 1881573, 3*v - 1128919 = 27*p - 32*p. Is v prime?
False
Let q = -115 + 305. Let f be (-4)/(-30) - (404209/(-195))/31. Let x = q - f. Is x composite?
True
Is -8 - (-430074 + 13 - 4) a composite number?
False
Let a = -534 - -536. Suppose -c + 13510 = -3*b, -c - 854 = a*b - 14379. Is c a composite number?
True
Is (-512 + (-90)/(-9))*(-4604)/8 a prime number?
False
Let q(x) = 9503*x - 3598. Is q(45) composite?
False
Let g = 6052 + -8661. Let m = -1422 - g. Is m a prime number?
True
Let v(h) = 8*h**2 - 7*h + 8. Let w be v(3). Suppose -7*s - w + 17 = 0. Is ((-1706)/8 + s)/((-1)/4) a prime number?
True
Suppose -y = 2*b - 7430, 5*y + 137*b = 142*b + 37165. Suppose 4*s = 4*p + 8*s - y, -15 = 5*s. Is p a prime number?
True
Let l = -45 + 45. Is (l - 3)*(20140/(-3) + 1) composite?
True
Let z = 521141 + 40492. Is z composite?
True
Let a = -101254 + 220047. Is a a prime number?
False
Let t(r) = -r**2 - 2*r + 86. Let n be t(6). Suppose -n*g + 32*g + 110742 = 0. Is g prime?
True
Let k(j) = -j**3 - j**2 - 23*j + 56. Let g be 3/2*272/(-24). Is k(g) a prime number?
False
Suppose 2*i + 52913 = 15*d - 12*d, 5*d + 3*i = 88163. Is d a composite number?
True
Let j = -7 - 1934. Let v = j + 3598. Is v a prime number?
True
Let i(n) = -n**3 - 34*n**2 - 81*n + 77. Is i(-34) prime?
False
Let g = -693778 + 1667301. Is g a composite number?
False
Let q = 731308 - 465369. Is q prime?
False
Let n be (-9)/(-12)*(-16)/(-6) + 3. Let c(i) = i**3 - 6*i**2 + 9*i - 9. Let s be c(n). Suppose 58 + 624 = s*u. Is u prime?
False
Let p = 536102 + -365535. Is p a prime number?
False
Suppose -h + 10 = 2*b, 2*h + 0*h + 3*b - 22 = 0. Let d = 133468 + -66726. Is d/91 - 6/h composite?
False
Suppose -67*k = -27*k - 2002760. Is k a prime number?
True
Let j(i) = -234*i**3 + 3*i**2 + 2*i - 6. Let f be (-196)/(-343)*(-7)/2. Is j(f) a prime number?
False
Let h(j) be the second derivative of j**4/12 - j**3/2 + 4073*j**2/2 - 8*j - 2. Is h(0) composite?
False
Let v be 6/(-21) + (-6)/(-21). Suppose v = -10*t + 854 + 56. Is t a composite number?
True
Let p(k) = 29*k**2 + 4*k + 16. Let o(z) = -z - 14. Let q be o(-9). Let n(r) = r**2 + r. Let a(d) = q*n(d) + p(d). Is a(-7) a prime number?
False
Let z(h) = 14*h - 27. Let n be z(3). Suppose 0 = -2*f + n*f. Suppose f = -5*l + 14628 - 1733. Is l composite?
False
Let c = 385 + 91912. Is c a composite number?
False
Let d(z) = -13*z - 159. Let y be d(-13). Let t(k) = -k**3 - 6*k**2 + 6*k - 1. Let v be t(-7). Suppose 5*i - 1097 = -q, 4*i + y = -v. Is q prime?
True
Let o(q) = -q**2 + 12*q - 30. Let h be o(6). Suppose 3*g = 6, 2*v - 10*g - 3498 = -h*g. Is v prime?
True
Let l be (-2)/(-3)*((9 - 0) + 0). Suppose 5*n = 5, -2*i = -l*i + 2*n + 6038. Suppose 6*q - 4*h - 602 = 4*q, 5*q - i = 5*h. Is q a prime number?
False
Let v(o) = 202747*o + 3251. Is v(2) prime?
False
Suppose u + 3*l - 132035 - 30962 = 0, 325984 = 2*u + l. Is u prime?
False
Let q be 9504/168 - 6/(-14). Let u be 279/q - (-14)/133. Let j(w) = 2*w**3 - 5*w**2 - 6*w - 6. Is j(u) a composite number?
False
Let g(b) = b**3 + 12*b**2 + 4. Let u be g(-12). Suppose -l - 2183 = a, -3*a + 0*l = u*l + 6554. Let i = -329 - a. Is i a composite number?
True
Suppose -5*h + q = 13, -2*h = 6*q - 2*q - 8. Is 8218*h*(3 - (-26)/(-8)) a prime number?
False
Suppose -3*y - 11221 = -5*z, -9*z + 13*z + 11176 = -3*y. Let i = 8647 + y. Is i a composite number?
True
Is 82169965/(-38)*(-6)/15 a composite number?
False
Suppose 31*u = 27*u + 3776. Suppose -5*n = -381 - u. Is n a composite number?
True
Suppose -3 = -2*r + 9. Suppose r*p + 22 = 8*p. Suppose -12*v + 701 = -p*v. Is v a composite number?
False
Let q(c) = -c**2 - 16*c + 24. Let h be q(-17). Suppose -h*a + 31067 = -57672. Is a a prime number?
False
Let j = 159 + 0. Let s(f) = f**3 - 2*f**2 - 23*f + 14. Let k be s(-6). Let m = j - k. Is m prime?
False
Let v = 85888 + -38582. Suppose -6*d + 132230 = v. Suppose 35*o + d = 41*o. Is o prime?
False
Let l(v) be the third derivative of -v**6/120 + 2*v**5/15 + 3*v**4/8 - 4*v**3/3 - 9*v**2. Let x be l(9). Is 1538 - (0 + -9)*x/(-24) a composite number?
True
Let a(b) be the second derivative of 77*b**4/24 - 5*b**3/3 + b**2 - 5*b. Let w(v) be the first derivative of a(v). Is w(4) a composite number?
True
Suppose 0 = -354*m + 345*m + 1286667. Is m composite?
False
Let v(c) = -6509*c + 852. Is v(-13) prime?
True
Let i = -178315 + 322058. Is i prime?
True
Let p be (-2)/7 + 555/105. Suppose -p*f + 10089 = n, 5*f - 3957 = -5*n + 6128. Suppose -3*l - 95 = -f. Is l a prime number?
True
Suppose -15*w + 3063292 = -93293. Is w composite?
True
Is 5*14/(-105)*(-132642)/12 a composite number?
False
Let s = -16900 - -8619. Let f = s - -16944. Is f composite?
False
Let z(o) = -o**2 - 6*o - 13. Let u be z(0). Is (-2 - (0 - 13480))*u/(-26) composite?
True
Let w = -28085 + 54896. Let d = -17752 + w. Is d a composite number?
False
Suppose 11 = 4*i - 3*k, 3*i - 4*k - 6 - 4 = 0. Suppose 0 = -3*l - i*v + 117511 - 43244, l + 3*v = 24758. Is l prime?
False
Let s(g) = 1403*g + 559. Is s(62) composite?
True
Let z be -4 + 2/4*1906. Suppose 3*x = -4*c + z, -c + 17 = -3*x - 239. Let i = 148 + c. Is i a prime number?
Tru